it of 76/c*3 - 0?
1
Suppose 2*a - 54 = 2*p - 0, 5*a - 131 = 3*p. Suppose 2 = -2*l, 4*l - 15 = -4*r + a. What is the units digit of r?
1
Let z be (-278)/(-14) + (-2)/(-14). Suppose 2*a - 80 = -z. Suppose -11*o - a = -14*o. What is the units digit of o?
0
Suppose -x = -6*x - 5*o - 125, -3 = -3*o. Let c = x - -61. What is the tens digit of c?
3
Let y(r) be the first derivative of -r**5/120 - 5*r**4/24 + 2*r**3 + 10. Let n(u) be the third derivative of y(u). What is the units digit of n(-12)?
7
Let n = -2845 - -5227. What is the units digit of n?
2
Let x(z) = -z**3 + 6*z**2 - 5*z - 17. Let g be x(4). What is the hundreds digit of ((-6)/(-5))/(g/(-1048 - 2))?
2
Let s(u) = -u - 1. Let p be s(-6). Suppose 4*h - p*h = -170. Suppose -2*a - 3*a = -h. What is the units digit of a?
4
Suppose -55*q = 18*q - 258712. What is the tens digit of q?
4
Suppose -6*v = -1234 - 656. What is the hundreds digit of v?
3
Let a(m) = 15*m - 17. Let r be 286/(-10) - 30/75. Let q = r + 35. What is the units digit of a(q)?
3
Let g(z) = 26*z + 21. Let n be g(-5). Let b = n + 162. What is the units digit of b?
3
Let u(q) = -3*q**3 - 56*q**2 - 17*q - 72. Let z(n) = -2*n**3 - 37*n**2 - 11*n - 48. Let i(j) = -5*u(j) + 8*z(j). What is the tens digit of i(-16)?
2
Let u(k) = -k**2 + 25*k - 44. What is the units digit of u(8)?
2
Let g(u) be the first derivative of -3/2*u**2 + 3 + 1/4*u**4 - 6*u + 5/3*u**3. What is the tens digit of g(-4)?
2
Let v = 435 - 303. Let q = v + -75. What is the tens digit of q?
5
Let d = 19 - 16. What is the tens digit of -3 - (d + (-135)/5)?
2
Suppose -14 = 5*d - 24. Let l = 11 - 7. Suppose z + d*g = 7*g + 36, l*g = 0. What is the tens digit of z?
3
Suppose 5*q - 513 = 4*q + 5*n, -4*q + 3*n + 2001 = 0. What is the hundreds digit of q?
4
Let q(b) = -2*b**2 - 16*b. Let k be q(-8). What is the units digit of 24 - 1*(k + -2)?
6
Let p(f) = -358*f - 79. What is the hundreds digit of p(-2)?
6
Let k = 1 - -4. Suppose 5*r + 6 = v - 8, -k*v = -r + 2. What is the tens digit of 18 + (3 - 2 - v)?
2
Suppose -4*u - 4 = -8*u. Let b be (u/(-7))/(3/(-21)). What is the units digit of (b - 30)*-1 - 3?
6
Let x = 26 + -21. Let g(y) = 2 - 2*y - 2*y - 8*y - x. What is the units digit of g(-4)?
5
Let k = -77 - -261. What is the tens digit of (-1 - k)*(-14)/35?
7
Let b be -7 - -183 - (-8)/(-2). Let d = b + -63. What is the tens digit of d?
0
Let t = 2493 - 1116. What is the thousands digit of t?
1
Suppose 8*u - 401 = 3*u - i, -3*u + i = -247. Let k = 41 - u. Let x = 26 - k. What is the units digit of x?
6
Let b = 2 + -34. Let y = -22 - b. What is the units digit of y?
0
Let a = -4 - -7. Suppose 140 = a*o - o. Suppose -4*w + o = 10. What is the tens digit of w?
1
Suppose -22*g + 18*g = -48. Suppose 0 = -13*t + g*t + 54. What is the units digit of t?
4
Let y(q) = -q**3 - q**2 - 8*q - 17. Let v be y(-3). Suppose 5*z = 2*z + 12. Let u = z + v. What is the tens digit of u?
2
What is the hundreds digit of (((-1064)/6)/1)/((-109)/327)?
5
What is the thousands digit of (-3)/(-24)*4*2134?
1
Suppose 5*a = 2*a. Suppose -3*f - 3*u + 111 = a, 5*f - 3*u - 173 = -4*u. What is the tens digit of f?
3
Let p(s) = -4*s - 49. Let f be p(-18). Suppose -f = -4*w - 3, 4*w - 444 = -4*n. What is the tens digit of n?
0
Let p be (-24)/(-10) + 12/20. Suppose -16 = -p*r + 2. Suppose -5*j - r + 156 = 0. What is the tens digit of j?
3
What is the hundreds digit of (5 - 4)/((5/1797)/5)?
7
Suppose 0 = y - 0*y - 2. Suppose y*p - 31 = -9. Suppose 5*z - 54 = -3*b, -z + b = -p - 3. What is the tens digit of z?
1
Let b(s) = -9*s + 11*s**2 - 1 - s**3 - 1 + 2*s. Suppose -5*u + 46 = -2*i, 2*i + 2*i = -2*u + 28. What is the units digit of b(u)?
8
Let h = 1561 + -751. What is the tens digit of h?
1
Let u(l) be the third derivative of l**6/72 + 7*l**5/120 + 5*l**4/24 - 7*l**2. Let x(o) be the second derivative of u(o). What is the tens digit of x(3)?
3
Let q(g) = 2*g - 14*g - 6 - 55*g - 11*g. What is the units digit of q(-2)?
0
Let u(v) = -11*v - 2. Let b be u(-1). What is the units digit of 6/18*(b - 0)?
3
Suppose 50 = 5*g - 4*o, -g + 4*o = -2*g - 14. What is the hundreds digit of (8/(-12))/(g/(-1458))?
1
What is the hundreds digit of (-14055)/(-21) - 2/7?
6
Let s be (-4)/(-6)*90/10. Suppose 2*k - s = 14. Suppose -4*a + 22 = -k. What is the units digit of a?
8
Suppose 8 = -5*q - 22. Let i(k) be the second derivative of -4*k**3/3 - 5*k**2/2 + 2*k. What is the units digit of i(q)?
3
Let l = -2532 - -4887. What is the tens digit of l?
5
Let x(j) = -7*j - 2. Let z be x(-1). Let h be 2/5 - (-8)/z. What is the tens digit of (-1)/h*8 - -19?
1
Let p = 495 - 309. What is the tens digit of p?
8
Let u = 461 - 322. Let k = -64 + u. Suppose k = 5*j - 5*z, 70 = 5*j - 0*j - 4*z. What is the tens digit of j?
1
Let s = 21 - 13. Suppose -8*c + s = -6*c. What is the units digit of 43 - (8 + -4)/c?
2
Suppose 0 = b - 5*f - 104 - 62, -3*b + 3*f = -498. What is the tens digit of -3*(b/6)/(-1)?
8
Let h(m) = 5*m**2 + 15*m + 7. Let p(b) = -3*b**2 - 8*b - 3. Let v(s) = -6*h(s) - 11*p(s). What is the tens digit of v(-7)?
5
Let u = -9 + -2. Let s = 9 - u. What is the units digit of s?
0
Suppose z = -3*r - 66, 2*z - 25 + 73 = -2*r. Let i = -32 - -63. Let j = i + r. What is the units digit of j?
0
Suppose -2*h + 35 = -y, y + 25 + 14 = 4*h. Let j(k) = -11*k**2 - 8*k + 3. Let o be j(1). Let q = o - y. What is the units digit of q?
5
Let z = -11 + -44. Let u be (-286)/z - (-1)/(-5). Suppose -u*c = -99 - 91. What is the units digit of c?
8
Suppose 0 = -6*q + 8*q - 868. What is the units digit of q?
4
Suppose 0 = 3*h + 3*s - 222, -82 - 288 = -5*h - 2*s. What is the tens digit of h?
7
Let s(r) = -2*r - 2. Let q = -9 - -13. Suppose u + 2*g + 3 = q*g, 0 = 5*u + 5*g + 15. What is the units digit of s(u)?
4
Suppose -2*x - 7*r + 4*r + 1816 = 0, -4*r = 5*x - 4547. Suppose 4*v - 257 = x. What is the tens digit of v?
9
What is the hundreds digit of (3740 - 44)/((-3)/(-2))?
4
Let p(i) = -i**3 + 4*i**2 - 2*i - 2. Let r be p(2). Suppose 1 = -m + r*t + 2, 4*m - 24 = 4*t. What is the units digit of m?
1
Let s(p) = 5*p**2 + 7*p + 11. What is the tens digit of s(7)?
0
Let c(j) = -j**3 - 22*j**2 - 21*j + 31. Let s be c(-21). Suppose r = o - 166, -o + 2*r + 196 = s. What is the hundreds digit of o?
1
Let c = 4321 - 2680. What is the hundreds digit of c?
6
Let o = 35 + -32. Suppose -14 = -5*y + o*y. What is the units digit of y?
7
Suppose 1 = -2*k + t, 5 = -0*k + 4*k + 5*t. Suppose k = u - 2*q - 20, -q - 9 = 3*u - 48. What is the units digit of u?
4
Let m = -1072 - -1516. Let y = -233 + m. What is the hundreds digit of y?
2
Suppose 16*n = 2424 + 1048. What is the units digit of n?
7
Let j(d) = 6*d**2 + 2*d + 1. Let q be 189/15 + 12/30. Let b = q - 14. What is the units digit of j(b)?
5
Let x(l) = 661*l + 136. What is the tens digit of x(5)?
4
Let q(r) = -r + 7. Let a be q(3). Suppose 26 = z - 19. Suppose -o - a*o = -z. What is the units digit of o?
9
Let t be (4/(-12))/(3/117). Let z = 10 + t. Let j(x) = x**3 + 6*x**2 - x + 2. What is the tens digit of j(z)?
3
Let g(h) = 252*h - 2. Let w(l) = -84*l + 1. Let q(z) = 6*g(z) + 17*w(z). What is the tens digit of q(1)?
8
Let j be (-160)/(-6) - 14/21. Let a = -14 - -14. Suppose -3*k = 5*c - j, a*k - 9 = -k - 2*c. What is the units digit of k?
7
Suppose 8339 + 2821 = 60*x. What is the tens digit of x?
8
Let u be 0 + 5884/5 - 5/(-25). Suppose -2*s + u = 9*s. What is the units digit of s?
7
Let d be (-36)/(87/(-27) - -3). Suppose -3*r + 141 = 4*q, 3*r - 3*q = -0*r + d. What is the units digit of r?
1
Suppose -9*p = -1093 - 653. What is the hundreds digit of p?
1
Let t = 1 + 189. Let y = t + -101. What is the tens digit of y?
8
Let y(f) = -2*f + 2. Let p be y(-2). Suppose -d - q = -15, -d = -p*d + 2*q + 75. What is the tens digit of d?
1
Suppose -5*t = -3*t - 4. Let z = -3 - -5. Suppose -t - 80 = -z*f. What is the units digit of f?
1
Let h(d) = -d**3 + 11*d**2 - 21*d + 1. Let z be h(2). Let c(m) = 4*m + 1. Let x(w) = 8*w + 1. Let a(g) = 7*c(g) - 4*x(g). What is the units digit of a(z)?
3
Let t(l) = -l - 12. Let i be t(-15). Suppose 0 = 3*u - i, -3*c - 3*u = 2*u - 578. What is the hundreds digit of c?
1
What is the hundreds digit of (-2)/(-2) - (1 - (258 + 6))?
2
Let r(c) = -18*c**3 - 8*c**2 + 15*c + 32. What is the hundreds digit of r